3 + 10/(-30) + (-7 - -20232)?
5, 809
Let s = 628 - 628. Suppose -2*v - v + 4206 = s. What are the prime factors of v?
2, 701
Let u(s) = s**2 - 13. Let d be u(-3). List the prime factors of (84/(-15))/(d/230).
2, 7, 23
Suppose -5*w = -2 + 2. Suppose -4*s - 20 = w, 4*s = -0*m + 2*m - 76. List the prime factors of m + 0/5 + -4.
2, 3
Suppose -9*z + 17 = -10. Suppose -k - 5*d + 17 + 16 = 0, -z*d = k - 25. Suppose 9*a - 77 = k. List the prime factors of a.
2, 5
Let p = 21054 + 4538. What are the prime factors of p?
2, 7, 457
Suppose -w + 0*c + 38 = 3*c, 0 = 4*w - 2*c - 208. Let j be (-9)/(-15) - (-220)/w. Suppose -7*d + j*d = -170. What are the prime factors of d?
5, 17
Suppose 4*m + 1035 - 15623 = 2*r, r - 18221 = -5*m. Suppose 0*h - m = -2*g + 3*h, 7263 = 4*g + 3*h. List the prime factors of g.
2, 3, 101
Let n = -65 + 70. Let b = -4 + n. What are the prime factors of ((-147)/9 - b)/(2/(-18))?
2, 3, 13
List the prime factors of (-2265)/(-1) - 16/6*(-18)/(-24).
31, 73
Let b(a) = -57*a - 21. Let o be b(14). Let i be ((96/(-14))/(-8))/((-1)/o). Suppose 4*d - 162 - i = -4*c, 4*d + 856 = 4*c. What are the prime factors of c?
5, 43
Let k(m) = -m**3 + 8*m**2 - 3*m - 1. Let w be k(3). Let x = -20 + w. Suppose -18*p = -x*p - 138. What are the prime factors of p?
2, 23
Let k(s) = -s - 23. Let n be k(21). Let r be (n/(-11))/(-1 + 2). Suppose -r*h = -11*h + 581. List the prime factors of h.
83
Let m = 22971 - 10534. List the prime factors of m.
12437
Let b(j) = 3*j - 15. Let o(u) = u**3 + 8*u**2 + u + 13. Let l be o(-8). Let v be b(l). Suppose 2*p - 76 = -v*p. What are the prime factors of p?
2, 19
Suppose -5*q - 383 = -2*y, -2*q + 144 = 2*y - 204. Suppose 995 = 5*j - 3*l, -y = -4*j - l + 600. What are the prime factors of j?
2, 7
Suppose -2*n - 73504 = -a, -4*a + 2*n = 81299 - 375261. What are the prime factors of a?
2, 7, 29, 181
Let o(g) = -2*g**2 + g + 2. Let v be o(0). Let p be ((1 + -445)/v)/(123/(-164)). Suppose -3*h + 221 = 2*w, 4*h + 2*w = -2*w + p. List the prime factors of h.
73
Let i = 113 + -120. Let d be (-153)/63 + (-3)/i. What are the prime factors of (7 - 8)*518/d?
7, 37
Suppose -23*f + 2847 + 3846 = 0. What are the prime factors of f?
3, 97
Let s = 1110 + -750. Suppose 9*t - t - s = 0. Suppose 0 = -3*c + 8*p - 4*p + 150, -3*p = -c + t. What are the prime factors of c?
2, 3
Suppose 3*w - 11 = 649. Suppose 3*h - 5*m = 88, 5*h + 54*m = 49*m + 120. Suppose -31*f = -h*f - w. What are the prime factors of f?
2, 11
Suppose z + 4028 = 6*z - 2*a, 3236 = 4*z - 5*a. Let f = z + 87. What are the prime factors of f?
3, 11
Let q = 447 + 2266. Suppose 5*c - q = -3*n, 0 = 2*n + 4*c - 1173 - 639. List the prime factors of n.
2, 7
Let a(j) = -33*j - 6. Let f be a(-2). Suppose -10*u + f = 200. Let x(m) = -17*m + 4. What are the prime factors of x(u)?
2, 11
Let y(f) = 2*f**2 + 29*f - 15. Let o be y(-15). Let l be -7 + 9 - (o - 1*-515). What are the prime factors of (l/36)/((-1)/4)?
3, 19
Suppose 2*c = 4*c - 10502. What are the prime factors of c?
59, 89
Let f(o) = o**2 + 15*o - 16. Let v be f(-16). Suppose 12*b = -2*q + 7*b + 883, -4*q + b + 1733 = v. List the prime factors of q.
2, 7, 31
Let c be 5/((-15)/(-42)) - -4. Let l = 7 - 11. What are the prime factors of 2/l - (-1071)/c?
59
Let n = -26447 - -28290. List the prime factors of n.
19, 97
Suppose f + 1 - 3 = 0. Let n(l) = -95*l + 60. Let k be n(-10). Suppose -3*u - f*u = -k. List the prime factors of u.
2, 101
Let s(x) = x**3 + 19*x**2 + 33*x - 20. Let t be s(-17). List the prime factors of t/((-6)/992) - 7.
3, 163
Suppose -292*p - 766723 = -3575763. List the prime factors of p.
2, 5, 13, 37
Suppose -2*b = 103*z - 106*z + 26636, -b = -2. List the prime factors of z.
2, 3, 5, 37
Let i(d) = d**3 - 36*d**2 + 63*d - 586. List the prime factors of i(38).
2, 587
Let c(w) = 6*w**3 - 18*w**2 + 208*w + 9. What are the prime factors of c(13)?
12853
Let r be (-2)/4 - 1615/(-10). Suppose 0 = o + r - 706. Suppose -11*v + o = -225. What are the prime factors of v?
2, 5, 7
Suppose 2*x - 371 = 2349. Let s(f) = f**2 + 47*f + 175. Let g be s(-47). Suppose 15*n - x = -g. List the prime factors of n.
79
Let f(z) = z + 6. Let t be f(-5). Let b(m) be the second derivative of 7*m**4/2 - m**3/2 + m**2 - 117*m. List the prime factors of b(t).
41
Let h(u) = -341*u + 36389. List the prime factors of h(0).
36389
Let c(m) = 9*m**3 - m**2 + 2*m - 10. Let g = 145 - 142. List the prime factors of c(g).
2, 5, 23
List the prime factors of (245/25 - 9)/(197436/98715 + -2).
2, 6581
Suppose b + 106*t = 111*t + 31499, -3*b + 94611 = 4*t. What are the prime factors of b?
41, 769
Let i = -31 - -44. Suppose 5*s + i - 38 = 0. Suppose 3*z + v = 154, s*z + 0*v + v - 258 = 0. What are the prime factors of z?
2, 13
Suppose -83*r + 76*r = -261905. What are the prime factors of r?
5, 7, 1069
What are the prime factors of ((-208)/6)/((-12)/180)?
2, 5, 13
Let m = -11 - -17. Let y(d) = -2*d**3 + d**2 - d + 3. Let c(f) = -5*f**3 - 5*f**2 - 10*f + 17. Let v(q) = -c(q) + 3*y(q). List the prime factors of v(m).
2, 53
What are the prime factors of 4203 - (44/99)/((-8)/(-180))?
7, 599
Let g(k) = k**2 + 12*k + 25. Let f be 3/18 + (-33)/(-18). Suppose 11 = -3*q + f*q. List the prime factors of g(q).
2, 7
Suppose 0 = -164*k + 4862107 + 1039597. What are the prime factors of k?
2, 19, 947
Suppose -3*t - 83 = -3*r + 130, -4*t + 3*r = 286. Let i = t - -944. What are the prime factors of i?
13, 67
Suppose v + 54 = 28*v. Suppose v*u - 2206 = -z, -5*z - 1081 = -3*u + 2*u. What are the prime factors of u?
3, 367
Let b(d) = -2*d**2 + 3*d - 3. Let z be b(1). Let i be z/(((-6)/75)/((-8)/(-10))). Suppose -5*a = -5*v + 770, 6*a - 2*a + i = 0. List the prime factors of v.
149
Let o be 8/(-2 - -6) + -3514. Let d(f) = 3*f + 6. Let k be d(-6). List the prime factors of o/k + (-4)/6 + -3.
17
Let f(d) = d + 5. Let r be f(-4). Let g be ((-29)/(-87))/(((-2)/r)/654). Let p = -19 - g. List the prime factors of p.
2, 3, 5
Suppose -7*d - 14*d = -3864. Suppose 0 = 5*m - 4*g - 1416, m - g - 259 = 25. Let w = m - d. List the prime factors of w.
2, 3
Let l(y) = y**3 + 32*y**2 + 55*y + 62. List the prime factors of l(-15).
2, 1531
Let n be 14/(-28)*22/(-1). Let x be n/5 - (-2)/(-10). Suppose x*b + 170 = 12*b. List the prime factors of b.
17
Suppose -2040718 = -75*d - 184018. List the prime factors of d.
2, 3, 2063
Let j(k) = -52*k + 31. Let a be j(-12). Let i = -357 + a. Suppose -3*v = b - 7*v - i, -5*b - v = -1469. List the prime factors of b.
2, 3, 7
Suppose -209 = 4*j - 165. Let x(h) = 5*h + 73. What are the prime factors of x(j)?
2, 3
What are the prime factors of (42358/6)/((-17)/(-51))*(2 + -1)?
21179
Let g be (10/(-1) + 2)/(-2). Suppose -4*p - 3*b = b - 20, -g*b = 12. Suppose -i + p = -17. What are the prime factors of i?
5
Suppose 8*g = -377 - 855. Let b(d) = -4*d**2 + 8*d + 1. Let o be b(7). Let u = o - g. List the prime factors of u.
3, 5
Suppose 4110274 = 13*y + 124*y. List the prime factors of y.
2, 7, 2143
Let i(m) = m**3 + 4*m**2 + 20*m - 24. Let c be i(-7). Let h = c - -560. List the prime factors of h.
3, 83
Let v(l) = 418*l**2 + 3*l - 4. Let q be v(1). Let p = q + -82. What are the prime factors of p?
5, 67
Let c(z) = -20*z**3 + 4*z**2 - 15*z + 1. Let q be c(4). Let t = 2330 + q. List the prime factors of t.
5, 211
Let m(g) = g**3 - 92*g**2 + 104*g - 634. List the prime factors of m(96).
2, 7, 3301
Let f be (-714)/56*(-2 - 6/9). Let l = f - -1270. Suppose 12 + l = 7*t. What are the prime factors of t?
2, 47
Suppose -12*j + 13*j + 5*s - 21745 = 0, 3*s - 15 = 0. What are the prime factors of j?
2, 3, 5, 181
Suppose 5*n + 2*m - 39621 = 0, -763*n = -765*n - 5*m + 15840. What are the prime factors of n?
5, 317
Suppose -4*u - 50 + 6 = -2*b, 0 = 4*b - 2*u - 76. Suppose -15*a = -b*a + 663. Suppose -a = -2*s - 65. List the prime factors of s.
2, 3, 13
Let i be -1 - -1 - 108/(4 + 0). Let b(q) = -q**3 - 27*q**2 - 34*q - 82. List the prime factors of b(i).
2, 11, 19
Let l = 43 + 0. Let d = 33 - l. List the prime factors of (-4)/d*43*(1 - -4).
2, 43
List the prime factors of ((-4698)/3915)/(1 - 5751/5750).
2, 3, 5, 23
Let j be (-1287)/6*(-2 - (-50)/15). Let t = 479 + j. What are the prime factors of t?
193
Suppose 79671 = 3*x + 2*t, -2*x + 70894 = 4*t + 17788. What are the prime factor